{"id":92,"date":"2025-05-15T13:17:59","date_gmt":"2025-05-15T11:17:59","guid":{"rendered":"https:\/\/blue-con.de\/mg-entwurf\/?page_id=92"},"modified":"2026-03-18T10:56:47","modified_gmt":"2026-03-18T09:56:47","slug":"brueckenentwaesserung","status":"publish","type":"page","link":"https:\/\/blue-con.de\/mg-entwurf\/brueckenentwaesserung\/","title":{"rendered":"Br\u00fcckenentw\u00e4sserung"},"content":{"rendered":"\t\t<div data-elementor-type=\"wp-page\" data-elementor-id=\"92\" class=\"elementor elementor-92\" data-elementor-post-type=\"page\">\n\t\t\t\t<div class=\"elementor-element elementor-element-9670d08 e-con-full e-flex e-con e-parent\" data-id=\"9670d08\" data-element_type=\"container\" data-e-type=\"container\" id=\"mytopdiv\" data-settings=\"{&quot;background_background&quot;:&quot;slideshow&quot;,&quot;background_slideshow_gallery&quot;:[{&quot;id&quot;:1776,&quot;url&quot;:&quot;https:\\\/\\\/blue-con.de\\\/mg-entwurf\\\/wp-content\\\/uploads\\\/2025\\\/07\\\/produkt-header-hintergrund.jpg&quot;}],&quot;background_slideshow_slide_duration&quot;:5000,&quot;background_slideshow_slide_transition&quot;:&quot;fade&quot;,&quot;background_slideshow_transition_duration&quot;:500}\">\n\t\t<div class=\"elementor-element elementor-element-17deab1e e-con-full e-flex e-con e-child\" data-id=\"17deab1e\" data-element_type=\"container\" data-e-type=\"container\">\n\t\t\t\t<div class=\"elementor-element elementor-element-4b87b29e elementor--h-position-center elementor--v-position-middle elementor-widget elementor-widget-slides\" data-id=\"4b87b29e\" data-element_type=\"widget\" data-e-type=\"widget\" data-settings=\"{&quot;navigation&quot;:&quot;none&quot;,&quot;transition&quot;:&quot;fade&quot;,&quot;transition_speed&quot;:500}\" data-widget_type=\"slides.default\">\n\t\t\t\t\t\t\t\t\t\t<div class=\"elementor-slides-wrapper elementor-main-swiper swiper\" role=\"region\" aria-roledescription=\"carousel\" aria-label=\"Slider\" dir=\"ltr\" data-animation=\"fadeInDown\">\n\t\t\t\t<div class=\"swiper-wrapper elementor-slides\">\n\t\t\t\t\t\t\t\t\t\t<div class=\"elementor-repeater-item-77acf85 swiper-slide\" role=\"group\" aria-roledescription=\"slide\"><div class=\"swiper-slide-bg\" role=\"img\" aria-label=\"001-brueckenentwaesserung-einklinker\"><\/div><div class=\"swiper-slide-inner\" ><div class=\"swiper-slide-contents\"><\/div><\/div><\/div>\t\t\t\t<\/div>\n\t\t\t\t\t\t\t<\/div>\n\t\t\t\t\t\t\t\t<\/div>\n\t\t\t\t<\/div>\n\t\t\t\t<\/div>\n\t\t<div class=\"elementor-element elementor-element-c57c8d1 e-flex e-con-boxed elementor-invisible e-con e-parent\" data-id=\"c57c8d1\" data-element_type=\"container\" data-e-type=\"container\" data-settings=\"{&quot;animation&quot;:&quot;zoomIn&quot;,&quot;animation_mobile_extra&quot;:&quot;none&quot;}\">\n\t\t\t\t\t<div class=\"e-con-inner\">\n\t\t<div class=\"elementor-element elementor-element-c257afb e-con-full e-flex e-con e-child\" data-id=\"c257afb\" data-element_type=\"container\" data-e-type=\"container\">\n\t\t\t\t<div class=\"elementor-element elementor-element-72d9442 elementor-widget elementor-widget-heading\" data-id=\"72d9442\" data-element_type=\"widget\" data-e-type=\"widget\" data-widget_type=\"heading.default\">\n\t\t\t\t\t<h1 class=\"elementor-heading-title elementor-size-default\">Br\u00fcckenentw\u00e4sserung<\/h1>\t\t\t\t<\/div>\n\t\t\t\t<\/div>\n\t\t\t\t\t<\/div>\n\t\t\t\t<\/div>\n\t\t<div class=\"elementor-element elementor-element-51dee7db e-flex e-con-boxed elementor-invisible e-con e-parent\" data-id=\"51dee7db\" data-element_type=\"container\" data-e-type=\"container\" data-settings=\"{&quot;background_background&quot;:&quot;classic&quot;,&quot;animation&quot;:&quot;fadeInRight&quot;,&quot;animation_mobile_extra&quot;:&quot;none&quot;}\">\n\t\t\t\t\t<div class=\"e-con-inner\">\n\t\t<div class=\"elementor-element elementor-element-3d5fa27d e-con-full e-flex e-con e-child\" data-id=\"3d5fa27d\" data-element_type=\"container\" data-e-type=\"container\">\n\t\t\t\t<div class=\"elementor-element elementor-element-b8761f4 elementor-widget elementor-widget-text-editor\" data-id=\"b8761f4\" data-element_type=\"widget\" data-e-type=\"widget\" data-widget_type=\"text-editor.default\">\n\t\t\t\t\t\t\t\t\t<p>Br\u00fccken unterliegen durch den zunehmenden Schwerverkehr extremen Belastungen. Damit die Br\u00fccken diesen Belastungen dauerhaft standhalten k\u00f6nnen, ist eine funktionierende Entw\u00e4sserung von entscheidender Bedeutung.<\/p><p>Br\u00fcckenabl\u00e4ufe, Rohrleitungen usw. sind bei derartigen Bauwerken praktisch nicht mehr zug\u00e4nglich und m\u00fcssen daher besonders hohen Anspr\u00fcchen gerecht werden. Dar\u00fcber hinaus ist eine Vielzahl von Vorschriften und Richtlinien zu beachten.<\/p><p>MeierGuss bietet Ihnen die notwendigen Produkte f\u00fcr Neubau und Sanierung sowie das passende Zubeh\u00f6r.<\/p><p>MeierGuss Br\u00fcckenabl\u00e4ufe\u00a0 \u2013 zeitgem\u00e4\u00dfe Technik f\u00fcr h\u00f6chste Beanspruchung.<\/p>\t\t\t\t\t\t\t\t<\/div>\n\t\t\t\t<\/div>\n\t\t\t\t\t<\/div>\n\t\t\t\t<\/div>\n\t\t<div class=\"elementor-element elementor-element-10045114 e-flex e-con-boxed elementor-invisible e-con e-parent\" data-id=\"10045114\" data-element_type=\"container\" data-e-type=\"container\" data-settings=\"{&quot;background_background&quot;:&quot;classic&quot;,&quot;animation&quot;:&quot;fadeInUp&quot;,&quot;animation_mobile_extra&quot;:&quot;none&quot;}\">\n\t\t\t\t\t<div class=\"e-con-inner\">\n\t\t<div class=\"elementor-element elementor-element-4b6834b1 e-con-full e-flex e-con e-child\" data-id=\"4b6834b1\" data-element_type=\"container\" data-e-type=\"container\">\n\t\t\t\t<div class=\"elementor-element elementor-element-2ac52bb3 elementor-widget elementor-widget-image\" data-id=\"2ac52bb3\" data-element_type=\"widget\" data-e-type=\"widget\" data-widget_type=\"image.default\">\n\t\t\t\t\t\t\t\t\t\t\t\t\t\t\t\t<a href=\"https:\/\/blue-con.de\/mg-entwurf\/wp-content\/uploads\/2025\/12\/brueckenablaeufe.pdf\" target=\"_blank\">\n\t\t\t\t\t\t\t<img fetchpriority=\"high\" decoding=\"async\" width=\"300\" height=\"424\" src=\"https:\/\/blue-con.de\/mg-entwurf\/wp-content\/uploads\/2025\/12\/brueckenablaeufe.jpg\" class=\"attachment-full size-full wp-image-4484\" alt=\"\" srcset=\"https:\/\/blue-con.de\/mg-entwurf\/wp-content\/uploads\/2025\/12\/brueckenablaeufe.jpg 300w, https:\/\/blue-con.de\/mg-entwurf\/wp-content\/uploads\/2025\/12\/brueckenablaeufe-212x300.jpg 212w\" sizes=\"(max-width: 300px) 100vw, 300px\" \/>\t\t\t\t\t\t\t\t<\/a>\n\t\t\t\t\t\t\t\t\t\t\t\t\t\t\t<\/div>\n\t\t<div class=\"elementor-element elementor-element-64d72dba e-con-full e-flex e-con e-child\" data-id=\"64d72dba\" data-element_type=\"container\" data-e-type=\"container\">\n\t\t\t\t<div class=\"elementor-element elementor-element-7c4e56b8 elementor-icon-list--layout-inline elementor-align-end elementor-list-item-link-full_width elementor-widget elementor-widget-icon-list\" data-id=\"7c4e56b8\" data-element_type=\"widget\" data-e-type=\"widget\" data-widget_type=\"icon-list.default\">\n\t\t\t\t\t\t\t<ul class=\"elementor-icon-list-items elementor-inline-items\">\n\t\t\t\t\t\t\t<li class=\"elementor-icon-list-item elementor-inline-item\">\n\t\t\t\t\t\t\t\t\t\t\t<a href=\"https:\/\/blue-con.de\/mg-entwurf\/wp-content\/uploads\/2025\/12\/brueckenablaeufe.pdf\" target=\"_blank\">\n\n\t\t\t\t\t\t\t\t\t\t\t\t<span class=\"elementor-icon-list-icon\">\n\t\t\t\t\t\t\t<svg xmlns=\"http:\/\/www.w3.org\/2000\/svg\" xmlns:xlink=\"http:\/\/www.w3.org\/1999\/xlink\" xmlns:serif=\"http:\/\/www.serif.com\/\" width=\"100%\" height=\"100%\" viewBox=\"0 0 280 227\" xml:space=\"preserve\" style=\"fill-rule:evenodd;clip-rule:evenodd;stroke-linejoin:round;stroke-miterlimit:2;\">    <g transform=\"matrix(1,0,0,1,-384,-32.3)\">        <g transform=\"matrix(2.64475,0,0,2.64475,-3584.897,-827.040104)\">            <path d=\"M1553.61,386.39L1594.68,345.924L1566.41,345.946L1566.42,324.923L1540.79,324.923L1540.8,345.921L1512.54,345.9L1553.6,386.366\" style=\"fill:#00377b;\"><\/path>        <\/g>        <g transform=\"matrix(2.64475,0,0,2.64475,-3584.897,-826.197966)\">            <path d=\"M1553.61,399.823L1573.04,380.712L1606.54,380.724L1606.51,410.435L1500.7,410.411L1500.67,380.7L1534.17,380.688L1553.6,399.799L1553.61,399.823ZM1594.68,389.701C1591.44,389.701 1588.82,392.327 1588.82,395.561C1588.82,398.796 1591.44,401.422 1594.68,401.422C1597.91,401.422 1600.54,398.796 1600.54,395.561C1600.54,392.327 1597.91,389.701 1594.68,389.701ZM1578.75,389.701C1575.52,389.701 1572.89,392.327 1572.89,395.561C1572.89,398.796 1575.52,401.422 1578.75,401.422C1581.98,401.422 1584.61,398.796 1584.61,395.561C1584.61,392.327 1581.98,389.701 1578.75,389.701Z\" style=\"fill:#00377b;\"><\/path>        <\/g>    <\/g><\/svg>\t\t\t\t\t\t<\/span>\n\t\t\t\t\t\t\t\t\t\t<span class=\"elementor-icon-list-text\"><\/span>\n\t\t\t\t\t\t\t\t\t\t\t<\/a>\n\t\t\t\t\t\t\t\t\t<\/li>\n\t\t\t\t\t\t\t\t<li class=\"elementor-icon-list-item elementor-inline-item\">\n\t\t\t\t\t\t\t\t\t\t\t<span class=\"elementor-icon-list-icon\">\n\t\t\t\t\t\t\t<svg xmlns=\"http:\/\/www.w3.org\/2000\/svg\" xmlns:xlink=\"http:\/\/www.w3.org\/1999\/xlink\" xmlns:serif=\"http:\/\/www.serif.com\/\" width=\"100%\" height=\"100%\" viewBox=\"0 0 280 227\" xml:space=\"preserve\" style=\"fill-rule:evenodd;clip-rule:evenodd;stroke-linejoin:round;stroke-miterlimit:2;\">    <g transform=\"matrix(1.37492,0,0,1.37492,0,-9.303051)\">        <path d=\"M97.238,150.928L97.238,27.664C72.37,10.881 44.682,4.206 19.813,7.642L19.813,130.906C44.682,127.47 72.37,134.145 97.238,150.928ZM106.41,150.928L106.41,27.664C131.277,10.881 158.966,4.206 183.835,7.642L183.835,130.906C158.966,127.47 131.277,134.145 106.41,150.928Z\" style=\"fill:#00377b;\"><\/path>    <\/g>    <g transform=\"matrix(1.37492,0,0,1.37492,0,-8.475674)\">        <path d=\"M0,37.088L0,171.265C30.851,160.206 65.472,156.117 97.082,170.713L97.082,154.762C80.414,145.421 40.388,138.421 11.342,151.755L11.342,33.568C7.508,34.584 3.72,35.754 0,37.088ZM192.305,33.568L192.305,151.755C163.26,138.421 123.234,145.421 106.566,154.762L106.566,170.713C138.175,156.117 172.797,160.206 203.648,171.265L203.648,37.088C199.928,35.754 196.14,34.584 192.305,33.568Z\" style=\"fill:#00377b;\"><\/path>    <\/g><\/svg>\t\t\t\t\t\t<\/span>\n\t\t\t\t\t\t\t\t\t\t<span class=\"elementor-icon-list-text\"><\/span>\n\t\t\t\t\t\t\t\t\t<\/li>\n\t\t\t\t\t\t<\/ul>\n\t\t\t\t\t\t<\/div>\n\t\t\t\t<\/div>\n\t\t<div class=\"elementor-element elementor-element-60b5caf4 e-con-full e-flex e-con e-child\" data-id=\"60b5caf4\" data-element_type=\"container\" data-e-type=\"container\">\n\t\t\t\t<div class=\"elementor-element elementor-element-44cf64ed elementor-widget elementor-widget-text-editor\" data-id=\"44cf64ed\" data-element_type=\"widget\" data-e-type=\"widget\" data-widget_type=\"text-editor.default\">\n\t\t\t\t\t\t\t\t\t<div class=\"elementor-element elementor-element-358f62f5 elementor-widget elementor-widget-text-editor\" data-id=\"358f62f5\" data-element_type=\"widget\" data-widget_type=\"text-editor.default\"><div class=\"elementor-widget-container\"><p><strong>Bru\u0308ckenabl\u00e4ufe<\/strong><\/p><\/div><\/div>\t\t\t\t\t\t\t\t<\/div>\n\t\t\t\t<\/div>\n\t\t\t\t<\/div>\n\t\t\t\t\t<\/div>\n\t\t\t\t<\/div>\n\t\t\t\t<\/div>\n\t\t","protected":false},"excerpt":{"rendered":"<p>Br\u00fcckenentw\u00e4sserung Br\u00fccken unterliegen durch den zunehmenden Schwerverkehr extremen Belastungen. Damit die Br\u00fccken diesen Belastungen dauerhaft standhalten k\u00f6nnen, ist eine funktionierende Entw\u00e4sserung von entscheidender Bedeutung. Br\u00fcckenabl\u00e4ufe, Rohrleitungen usw. sind bei derartigen Bauwerken praktisch nicht mehr zug\u00e4nglich und m\u00fcssen daher besonders hohen Anspr\u00fcchen gerecht werden. Dar\u00fcber hinaus ist eine Vielzahl von Vorschriften und Richtlinien zu beachten. MeierGuss [&hellip;]<\/p>\n","protected":false},"author":1,"featured_media":0,"parent":0,"menu_order":0,"comment_status":"closed","ping_status":"closed","template":"elementor_header_footer","meta":{"footnotes":""},"class_list":["post-92","page","type-page","status-publish","hentry"],"_links":{"self":[{"href":"https:\/\/blue-con.de\/mg-entwurf\/wp-json\/wp\/v2\/pages\/92","targetHints":{"allow":["GET"]}}],"collection":[{"href":"https:\/\/blue-con.de\/mg-entwurf\/wp-json\/wp\/v2\/pages"}],"about":[{"href":"https:\/\/blue-con.de\/mg-entwurf\/wp-json\/wp\/v2\/types\/page"}],"author":[{"embeddable":true,"href":"https:\/\/blue-con.de\/mg-entwurf\/wp-json\/wp\/v2\/users\/1"}],"replies":[{"embeddable":true,"href":"https:\/\/blue-con.de\/mg-entwurf\/wp-json\/wp\/v2\/comments?post=92"}],"version-history":[{"count":28,"href":"https:\/\/blue-con.de\/mg-entwurf\/wp-json\/wp\/v2\/pages\/92\/revisions"}],"predecessor-version":[{"id":5889,"href":"https:\/\/blue-con.de\/mg-entwurf\/wp-json\/wp\/v2\/pages\/92\/revisions\/5889"}],"wp:attachment":[{"href":"https:\/\/blue-con.de\/mg-entwurf\/wp-json\/wp\/v2\/media?parent=92"}],"curies":[{"name":"wp","href":"https:\/\/api.w.org\/{rel}","templated":true}]}}